{"id":610,"date":"2022-06-10T19:22:54","date_gmt":"2022-06-10T19:22:54","guid":{"rendered":"https:\/\/demo.themedraft.net\/wp\/doctio\/?page_id=610"},"modified":"2025-07-28T17:42:18","modified_gmt":"2025-07-28T17:42:18","slug":"department","status":"publish","type":"page","link":"https:\/\/crg.pt\/home\/department\/","title":{"rendered":"Servi\u00e7os Cl\u00ednicos"},"content":{"rendered":"\t\t<div data-elementor-type=\"wp-page\" data-elementor-id=\"610\" class=\"elementor elementor-610\">\n\t\t\t\t<div class=\"elementor-element elementor-element-2c13350 e-flex e-con-boxed e-con e-parent\" data-id=\"2c13350\" data-element_type=\"container\">\n\t\t\t\t\t<div class=\"e-con-inner\">\n\t\t\t\t\t<\/div>\n\t\t\t\t<\/div>\n\t\t\t\t<section class=\"elementor-section elementor-top-section elementor-element elementor-element-6c9a957b elementor-section-stretched elementor-section-boxed elementor-section-height-default elementor-section-height-default\" data-id=\"6c9a957b\" data-element_type=\"section\" data-settings=\"{&quot;stretch_section&quot;:&quot;section-stretched&quot;,&quot;background_background&quot;:&quot;classic&quot;}\">\n\t\t\t\t\t\t<div class=\"elementor-container elementor-column-gap-default\">\n\t\t\t\t\t<div class=\"elementor-column elementor-col-100 elementor-top-column elementor-element elementor-element-dadc328\" data-id=\"dadc328\" data-element_type=\"column\">\n\t\t\t<div class=\"elementor-widget-wrap elementor-element-populated\">\n\t\t\t\t\t\t<div class=\"elementor-element elementor-element-11e552aa elementor-widget elementor-widget-themedraft_section_title\" data-id=\"11e552aa\" data-element_type=\"widget\" data-widget_type=\"themedraft_section_title.default\">\n\t\t\t\t<div class=\"elementor-widget-container\">\n\t\t\t\n\t\t<div class=\"td-section-title-wrapper\">\n            <div class=\"td-section-title-content td-secondary-font\">\n                                    <div class=\"td-section-title-bg-text \">\n                        Servi\u00e7os Cl\u00ednicos                    <\/div>\n                \n                \n                                    <div class=\"td-section-title\">\n                        <h2>Servi\u00e7os Cl\u00ednicos<\/h2>                    <\/div>\n                                        <div class=\"title-bottom-line\" style=\"background-image: url(https:\/\/demo.themedraft.net\/wp\/doctio\/wp-content\/uploads\/2022\/06\/line-1.png)\"><\/div>\n                                                <\/div>\n\t\t<\/div>\n\t\t\t\t<\/div>\n\t\t\t\t<\/div>\n\t\t\t\t<div class=\"elementor-element elementor-element-f10bb0a elementor-widget elementor-widget-themedraft_text\" data-id=\"f10bb0a\" data-element_type=\"widget\" data-widget_type=\"themedraft_text.default\">\n\t\t\t\t<div class=\"elementor-widget-container\">\n\t\t\t\n\t\t<div class=\"td-text-wrapper\">\n\t\t\t<p>A miss\u00e3o dos experientes cl\u00ednicos que integram a equipa multidisciplinar da CRG \u00e9 a preven\u00e7\u00e3o, diagn\u00f3stico, tratamento e reabilita\u00e7\u00e3o de clientes com patologias incapacitantes e comorbilidades dos ossos, m\u00fasculos, tend\u00f5es, articula\u00e7\u00f5es e nervos.<\/p>\n            \t\t<\/div>\n\n\t\t\t\t<\/div>\n\t\t\t\t<\/div>\n\t\t\t\t<div class=\"elementor-element elementor-element-759bdde elementor-widget elementor-widget-spacer\" data-id=\"759bdde\" data-element_type=\"widget\" data-widget_type=\"spacer.default\">\n\t\t\t\t<div class=\"elementor-widget-container\">\n\t\t\t\t\t<div class=\"elementor-spacer\">\n\t\t\t<div class=\"elementor-spacer-inner\"><\/div>\n\t\t<\/div>\n\t\t\t\t<\/div>\n\t\t\t\t<\/div>\n\t\t\t\t<div class=\"elementor-element elementor-element-4cfc2f49 elementor-widget elementor-widget-themedraft_service_box_two\" data-id=\"4cfc2f49\" data-element_type=\"widget\" data-widget_type=\"themedraft_service_box_two.default\">\n\t\t\t\t<div class=\"elementor-widget-container\">\n\t\t\t\n\t\t<div class=\"service-two-wrapper\">\n\t\t\t<div class=\"row\">\n\t\t\t\t\t\t\t\t\t\t<div class=\"col-xl-6 col-lg-6 col-md-12\">\n\t\t\t\t\t\t\t<div class=\"td-service-two-item\">\n\t\t\t\t\t\t\t\t<a href=\"https:\/\/crg.pt\/home\/servicos\/neurologia\/\" class=\"td-service-image-and-icon-wrapper\" >\n\t\t\t\t\t\t\t\t\t<div class=\"td-service-two-image td-cover-bg\" style=\"background-image: url(https:\/\/demo.themedraft.net\/wp\/doctio\/wp-content\/uploads\/2022\/06\/service-5.jpg)\">\n                                        <div class=\"td-service-item-two-icon\">\n                                            <i aria-hidden=\"true\" class=\"flaticon-neurology\"><\/i>                                        <\/div>\n                                    <\/div>\n\t\t\t\t\t\t\t\t<\/a>\n\n                                <div class=\"td-service-two-content\">\n                                    <span class=\"td-service-two-subtitle td-secondary-color\">Cuidando do Seu Sistema Nervoso<\/span>\n                                    <h4 class=\"td-service-two-title\">Neurologia<\/h4>\n                                    <div class=\"td-service-two-desc td-last-p-0\">\n                                        <h2>O que \u00e9 Neurologia?<\/h2><p>A neurologia \u00e9 a especialidade m\u00e9dica que se dedica ao estudo, diagn\u00f3stico e tratamento das doen\u00e7as do sistema nervoso.\u00a0<\/p>                                    <\/div>\n                                    <div class=\"service-two-details-btn\">\n                                        <a class=\"td-text-button\" href=\"https:\/\/crg.pt\/home\/servicos\/neurologia\/\" >Ler mais... <i class=\"fas fa-angle-double-right\"><\/i><\/a>\n                                    <\/div>\n                                <\/div>\n\n\n\t\t\t\t\t\t\t<\/div>\n\t\t\t\t\t\t<\/div>\n\t\t\t\t\t\t\t\t\t\t<div class=\"col-xl-6 col-lg-6 col-md-12\">\n\t\t\t\t\t\t\t<div class=\"td-service-two-item\">\n\t\t\t\t\t\t\t\t<a href=\"https:\/\/crg.pt\/servicos\/mfr\/\" class=\"td-service-image-and-icon-wrapper\" >\n\t\t\t\t\t\t\t\t\t<div class=\"td-service-two-image td-cover-bg\" style=\"background-image: url(https:\/\/demo.themedraft.net\/wp\/doctio\/wp-content\/uploads\/2022\/06\/service-13.jpg)\">\n                                        <div class=\"td-service-item-two-icon\">\n                                            <i aria-hidden=\"true\" class=\"td-icon flaticon-shin\"><\/i>                                        <\/div>\n                                    <\/div>\n\t\t\t\t\t\t\t\t<\/a>\n\n                                <div class=\"td-service-two-content\">\n                                    <span class=\"td-service-two-subtitle td-secondary-color\">Restaurando a Funcionalidade<\/span>\n                                    <h4 class=\"td-service-two-title\">Medicina Fisica e Reabilita\u00e7\u00e3o<\/h4>\n                                    <div class=\"td-service-two-desc td-last-p-0\">\n                                        <h2>O que \u00e9 MFR?<\/h2><p>A\u00a0<strong>Medicina F\u00edsica e Reabilita\u00e7\u00e3o<\/strong> (MFR) \u00e9 uma especialidade m\u00e9dica dedicada ao diagn\u00f3stico e tratamento de diversas condi\u00e7\u00f5es.<\/p>                                    <\/div>\n                                    <div class=\"service-two-details-btn\">\n                                        <a class=\"td-text-button\" href=\"https:\/\/crg.pt\/servicos\/mfr\/\" >Ler mais... <i class=\"fas fa-angle-double-right\"><\/i><\/a>\n                                    <\/div>\n                                <\/div>\n\n\n\t\t\t\t\t\t\t<\/div>\n\t\t\t\t\t\t<\/div>\n\t\t\t\t\t\t\t\t\t\t<div class=\"col-xl-6 col-lg-6 col-md-12\">\n\t\t\t\t\t\t\t<div class=\"td-service-two-item\">\n\t\t\t\t\t\t\t\t<a href=\"https:\/\/crg.pt\/home\/servicos\/psicologia\" class=\"td-service-image-and-icon-wrapper\" >\n\t\t\t\t\t\t\t\t\t<div class=\"td-service-two-image td-cover-bg\" style=\"background-image: url(https:\/\/crg.pt\/home\/wp-content\/uploads\/2024\/08\/psycho.jpg)\">\n                                        <div class=\"td-service-item-two-icon\">\n                                            <i aria-hidden=\"true\" class=\"td-icon flaticon-brain\"><\/i>                                        <\/div>\n                                    <\/div>\n\t\t\t\t\t\t\t\t<\/a>\n\n                                <div class=\"td-service-two-content\">\n                                    <span class=\"td-service-two-subtitle td-secondary-color\">Entendendo a Mente Humana<\/span>\n                                    <h4 class=\"td-service-two-title\">Psicologia<\/h4>\n                                    <div class=\"td-service-two-desc td-last-p-0\">\n                                        <h2>O que \u00e9 Psicologia?<\/h2><p>A\u00a0<strong>Psicologia<\/strong>\u00a0\u00e9 uma disciplina que estuda o comportamento humano, os processos mentais e as emo\u00e7\u00f5es.<\/p>                                    <\/div>\n                                    <div class=\"service-two-details-btn\">\n                                        <a class=\"td-text-button\" href=\"https:\/\/crg.pt\/home\/servicos\/psicologia\" >Ler mais... <i class=\"fas fa-angle-double-right\"><\/i><\/a>\n                                    <\/div>\n                                <\/div>\n\n\n\t\t\t\t\t\t\t<\/div>\n\t\t\t\t\t\t<\/div>\n\t\t\t\t\t\t\t\t\t\t<div class=\"col-xl-6 col-lg-6 col-md-12\">\n\t\t\t\t\t\t\t<div class=\"td-service-two-item\">\n\t\t\t\t\t\t\t\t<a href=\"https:\/\/crg.pt\/home\/servicos\/psiquiatria\" class=\"td-service-image-and-icon-wrapper\" >\n\t\t\t\t\t\t\t\t\t<div class=\"td-service-two-image td-cover-bg\" style=\"background-image: url(https:\/\/crg.pt\/home\/wp-content\/uploads\/2024\/08\/reassuring.jpg)\">\n                                        <div class=\"td-service-item-two-icon\">\n                                            <i aria-hidden=\"true\" class=\"td-icon flaticon-eye-2\"><\/i>                                        <\/div>\n                                    <\/div>\n\t\t\t\t\t\t\t\t<\/a>\n\n                                <div class=\"td-service-two-content\">\n                                    <span class=\"td-service-two-subtitle td-secondary-color\">Cuidando da Sa\u00fade Mental<\/span>\n                                    <h4 class=\"td-service-two-title\">Psiquiatria<\/h4>\n                                    <div class=\"td-service-two-desc td-last-p-0\">\n                                        <h2>O que \u00e9 Psiquiatria?<\/h2><p>A\u00a0<strong>Psiquiatria<\/strong>\u00a0\u00e9 uma das especialidades da Medicina que se dedica ao diagn\u00f3stico e tratamento dos chamados Transtornos Mentais e de Comportamento.<\/p>                                    <\/div>\n                                    <div class=\"service-two-details-btn\">\n                                        <a class=\"td-text-button\" href=\"https:\/\/crg.pt\/home\/servicos\/psiquiatria\" >Ler mais... <i class=\"fas fa-angle-double-right\"><\/i><\/a>\n                                    <\/div>\n                                <\/div>\n\n\n\t\t\t\t\t\t\t<\/div>\n\t\t\t\t\t\t<\/div>\n\t\t\t\t\t\t\t\t\t\t<div class=\"col-xl-6 col-lg-6 col-md-12\">\n\t\t\t\t\t\t\t<div class=\"td-service-two-item\">\n\t\t\t\t\t\t\t\t<a href=\"https:\/\/crg.pt\/home\/servicos\/ortopedia\" class=\"td-service-image-and-icon-wrapper\" >\n\t\t\t\t\t\t\t\t\t<div class=\"td-service-two-image td-cover-bg\" style=\"background-image: url(https:\/\/crg.pt\/home\/wp-content\/uploads\/2024\/08\/orthopedic.jpg)\">\n                                        <div class=\"td-service-item-two-icon\">\n                                            <i aria-hidden=\"true\" class=\"td-icon flaticon-bone\"><\/i>                                        <\/div>\n                                    <\/div>\n\t\t\t\t\t\t\t\t<\/a>\n\n                                <div class=\"td-service-two-content\">\n                                    <span class=\"td-service-two-subtitle td-secondary-color\">Cuidando do Sistema Musculoesquel\u00e9tico<\/span>\n                                    <h4 class=\"td-service-two-title\">Ortopedia<\/h4>\n                                    <div class=\"td-service-two-desc td-last-p-0\">\n                                        <h2>O que \u00e9 Ortopedia?<\/h2><p>A\u00a0<strong>Ortopedia<\/strong>\u00a0\u00e9 uma especialidade m\u00e9dica que se dedica ao diagn\u00f3stico, tratamento e preven\u00e7\u00e3o das doen\u00e7as e les\u00f5es do sistema musculoesquel\u00e9tico.<\/p>                                    <\/div>\n                                    <div class=\"service-two-details-btn\">\n                                        <a class=\"td-text-button\" href=\"https:\/\/crg.pt\/home\/servicos\/ortopedia\" >Ler mais... <i class=\"fas fa-angle-double-right\"><\/i><\/a>\n                                    <\/div>\n                                <\/div>\n\n\n\t\t\t\t\t\t\t<\/div>\n\t\t\t\t\t\t<\/div>\n\t\t\t\t\t\t\t\t\t\t<div class=\"col-xl-6 col-lg-6 col-md-12\">\n\t\t\t\t\t\t\t<div class=\"td-service-two-item\">\n\t\t\t\t\t\t\t\t<a href=\"https:\/\/crg.pt\/home\/servicos\/enfermagem\" class=\"td-service-image-and-icon-wrapper\" >\n\t\t\t\t\t\t\t\t\t<div class=\"td-service-two-image td-cover-bg\" style=\"background-image: url(https:\/\/crg.pt\/home\/wp-content\/uploads\/2024\/08\/enfermagem.jpg)\">\n                                        <div class=\"td-service-item-two-icon\">\n                                            <svg aria-hidden=\"true\" class=\"e-font-icon-svg e-fas-user-nurse\" viewBox=\"0 0 448 512\" xmlns=\"http:\/\/www.w3.org\/2000\/svg\"><path d=\"M319.41,320,224,415.39,128.59,320C57.1,323.1,0,381.6,0,453.79A58.21,58.21,0,0,0,58.21,512H389.79A58.21,58.21,0,0,0,448,453.79C448,381.6,390.9,323.1,319.41,320ZM224,304A128,128,0,0,0,352,176V65.82a32,32,0,0,0-20.76-30L246.47,4.07a64,64,0,0,0-44.94,0L116.76,35.86A32,32,0,0,0,96,65.82V176A128,128,0,0,0,224,304ZM184,71.67a5,5,0,0,1,5-5h21.67V45a5,5,0,0,1,5-5h16.66a5,5,0,0,1,5,5V66.67H259a5,5,0,0,1,5,5V88.33a5,5,0,0,1-5,5H237.33V115a5,5,0,0,1-5,5H215.67a5,5,0,0,1-5-5V93.33H189a5,5,0,0,1-5-5ZM144,160H304v16a80,80,0,0,1-160,0Z\"><\/path><\/svg>                                        <\/div>\n                                    <\/div>\n\t\t\t\t\t\t\t\t<\/a>\n\n                                <div class=\"td-service-two-content\">\n                                    <span class=\"td-service-two-subtitle td-secondary-color\">Cuidados Personalizados<\/span>\n                                    <h4 class=\"td-service-two-title\">Enfermagem<\/h4>\n                                    <div class=\"td-service-two-desc td-last-p-0\">\n                                        <h2>O que s\u00e3o Consultas de Enfermagem?<\/h2><p>As\u00a0<strong>Consultas de Enfermagem<\/strong>\u00a0s\u00e3o encontros entre o paciente e o enfermeiro, com o objetivo de fornecer cuidados personalizados e abrangentes.<\/p>                                    <\/div>\n                                    <div class=\"service-two-details-btn\">\n                                        <a class=\"td-text-button\" href=\"https:\/\/crg.pt\/home\/servicos\/enfermagem\" >Ler mais... <i class=\"fas fa-angle-double-right\"><\/i><\/a>\n                                    <\/div>\n                                <\/div>\n\n\n\t\t\t\t\t\t\t<\/div>\n\t\t\t\t\t\t<\/div>\n\t\t\t\t\t\t\t\t\t\t<div class=\"col-xl-6 col-lg-6 col-md-12\">\n\t\t\t\t\t\t\t<div class=\"td-service-two-item\">\n\t\t\t\t\t\t\t\t<a href=\"https:\/\/crg.pt\/home\/servicos\/mgf\" class=\"td-service-image-and-icon-wrapper\" >\n\t\t\t\t\t\t\t\t\t<div class=\"td-service-two-image td-cover-bg\" style=\"background-image: url(https:\/\/demo.themedraft.net\/wp\/doctio\/wp-content\/uploads\/2022\/06\/service-11.jpg)\">\n                                        <div class=\"td-service-item-two-icon\">\n                                            <i aria-hidden=\"true\" class=\"td-icon flaticon-laboratory\"><\/i>                                        <\/div>\n                                    <\/div>\n\t\t\t\t\t\t\t\t<\/a>\n\n                                <div class=\"td-service-two-content\">\n                                    <span class=\"td-service-two-subtitle td-secondary-color\">Cuidados de Sa\u00fade Prim\u00e1rios<\/span>\n                                    <h4 class=\"td-service-two-title\">Medicina Geral e Familiar<\/h4>\n                                    <div class=\"td-service-two-desc td-last-p-0\">\n                                        <h2>O que \u00e9 Medicina Geral e Familiar?<\/h2><p>A\u00a0<strong>Medicina Geral e Familiar<\/strong>\u00a0(MGF) est\u00e1 vocacionada para a presta\u00e7\u00e3o de cuidados de sa\u00fade prim\u00e1rios.<\/p>                                    <\/div>\n                                    <div class=\"service-two-details-btn\">\n                                        <a class=\"td-text-button\" href=\"https:\/\/crg.pt\/home\/servicos\/mgf\" >Ler mais... <i class=\"fas fa-angle-double-right\"><\/i><\/a>\n                                    <\/div>\n                                <\/div>\n\n\n\t\t\t\t\t\t\t<\/div>\n\t\t\t\t\t\t<\/div>\n\t\t\t\t\t\t\t\t\t\t<div class=\"col-xl-6 col-lg-6 col-md-12\">\n\t\t\t\t\t\t\t<div class=\"td-service-two-item\">\n\t\t\t\t\t\t\t\t<a href=\"https:\/\/crg.pt\/home\/servicos\/nutricao\" class=\"td-service-image-and-icon-wrapper\" >\n\t\t\t\t\t\t\t\t\t<div class=\"td-service-two-image td-cover-bg\" style=\"background-image: url(https:\/\/crg.pt\/home\/wp-content\/uploads\/2024\/08\/nuticao.jpg)\">\n                                        <div class=\"td-service-item-two-icon\">\n                                            <svg aria-hidden=\"true\" class=\"e-font-icon-svg e-fab-nutritionix\" viewBox=\"0 0 400 512\" xmlns=\"http:\/\/www.w3.org\/2000\/svg\"><path d=\"M88 8.1S221.4-.1 209 112.5c0 0 19.1-74.9 103-40.6 0 0-17.7 74-88 56 0 0 14.6-54.6 66.1-56.6 0 0-39.9-10.3-82.1 48.8 0 0-19.8-94.5-93.6-99.7 0 0 75.2 19.4 77.6 107.5 0 .1-106.4 7-104-119.8zm312 315.6c0 48.5-9.7 95.3-32 132.3-42.2 30.9-105 48-168 48-62.9 0-125.8-17.1-168-48C9.7 419 0 372.2 0 323.7 0 275.3 17.7 229 40 192c42.2-30.9 97.1-48.6 160-48.6 63 0 117.8 17.6 160 48.6 22.3 37 40 83.3 40 131.7zM120 428c0-15.5-12.5-28-28-28s-28 12.5-28 28 12.5 28 28 28 28-12.5 28-28zm0-66.2c0-15.5-12.5-28-28-28s-28 12.5-28 28 12.5 28 28 28 28-12.5 28-28zm0-66.2c0-15.5-12.5-28-28-28s-28 12.5-28 28 12.5 28 28 28 28-12.5 28-28zM192 428c0-15.5-12.5-28-28-28s-28 12.5-28 28 12.5 28 28 28 28-12.5 28-28zm0-66.2c0-15.5-12.5-28-28-28s-28 12.5-28 28 12.5 28 28 28 28-12.5 28-28zm0-66.2c0-15.5-12.5-28-28-28s-28 12.5-28 28 12.5 28 28 28 28-12.5 28-28zM264 428c0-15.5-12.5-28-28-28s-28 12.5-28 28 12.5 28 28 28 28-12.5 28-28zm0-66.2c0-15.5-12.5-28-28-28s-28 12.5-28 28 12.5 28 28 28 28-12.5 28-28zm0-66.2c0-15.5-12.5-28-28-28s-28 12.5-28 28 12.5 28 28 28 28-12.5 28-28zM336 428c0-15.5-12.5-28-28-28s-28 12.5-28 28 12.5 28 28 28 28-12.5 28-28zm0-66.2c0-15.5-12.5-28-28-28s-28 12.5-28 28 12.5 28 28 28 28-12.5 28-28zm0-66.2c0-15.5-12.5-28-28-28s-28 12.5-28 28 12.5 28 28 28 28-12.5 28-28zm24-39.6c-4.8-22.3-7.4-36.9-16-56-38.8-19.9-90.5-32-144-32S94.8 180.1 56 200c-8.8 19.5-11.2 33.9-16 56 42.2-7.9 98.7-14.8 160-14.8s117.8 6.9 160 14.8z\"><\/path><\/svg>                                        <\/div>\n                                    <\/div>\n\t\t\t\t\t\t\t\t<\/a>\n\n                                <div class=\"td-service-two-content\">\n                                    <span class=\"td-service-two-subtitle td-secondary-color\">Alimentando o Corpo e a Sa\u00fade<\/span>\n                                    <h4 class=\"td-service-two-title\">Nutri\u00e7\u00e3o<\/h4>\n                                    <div class=\"td-service-two-desc td-last-p-0\">\n                                        <h2>O que \u00e9 Nutri\u00e7\u00e3o?<\/h2><p>A\u00a0<strong>Nutri\u00e7\u00e3o<\/strong>\u00a0\u00e9 o processo de fornecimento aos organismos animais e vegetais dos nutrientes necess\u00e1rios para a vida.<\/p>                                    <\/div>\n                                    <div class=\"service-two-details-btn\">\n                                        <a class=\"td-text-button\" href=\"https:\/\/crg.pt\/home\/servicos\/nutricao\" >Ler mais... <i class=\"fas fa-angle-double-right\"><\/i><\/a>\n                                    <\/div>\n                                <\/div>\n\n\n\t\t\t\t\t\t\t<\/div>\n\t\t\t\t\t\t<\/div>\n\t\t\t\t\t\t\t\t\t\t<div class=\"col-xl-6 col-lg-6 col-md-12\">\n\t\t\t\t\t\t\t<div class=\"td-service-two-item\">\n\t\t\t\t\t\t\t\t<a href=\"https:\/\/crg.pt\/home\/servicos\/tfala\" class=\"td-service-image-and-icon-wrapper\" >\n\t\t\t\t\t\t\t\t\t<div class=\"td-service-two-image td-cover-bg\" style=\"background-image: url(https:\/\/crg.pt\/home\/wp-content\/uploads\/2024\/08\/terapiafala.jpg)\">\n                                        <div class=\"td-service-item-two-icon\">\n                                            <svg aria-hidden=\"true\" class=\"e-font-icon-svg e-fab-teamspeak\" viewBox=\"0 0 512 512\" xmlns=\"http:\/\/www.w3.org\/2000\/svg\"><path d=\"M244.2 346.79c2.4-12.3-12-30-32.4-48.7-20.9-19.2-48.2-39.1-63.4-46.6-21.7-12-41.7-1.8-46.3 22.7-5 26.2 0 51.4 14.5 73.9 10.2 15.5 25.4 22.7 43.4 24 11.6.6 52.5 2.2 61.7-1 11.9-4.3 20.1-11.8 22.5-24.3zm205 20.8a5.22 5.22 0 0 0-8.3 2.4c-8 25.4-44.7 112.5-172.1 121.5-149.7 10.5 80.3 43.6 145.4-6.4 22.7-17.4 47.6-35 46.6-85.4-.4-10.1-4.9-26.69-11.6-32.1zm62-122.4c-.3-18.9-8.6-33.4-26-42.2-2.9-1.3-5-2.7-5.9-6.4A222.64 222.64 0 0 0 438.9 103c-1.1-1.5-3.5-3.2-2.2-5 8.5-11.5-.3-18-7-24.4Q321.4-31.11 177.4 13.09c-40.1 12.3-73.9 35.6-102 67.4-4 4.3-6.7 9.1-3 14.5 3 4 1.3 6.2-1 9.3C51.6 132 38.2 162.59 32.1 196c-.7 4.3-2.9 6-6.4 7.8-14.2 7-22.5 18.5-24.9 34L0 264.29v20.9c0 30.8 21 50.4 51.8 49 7.7-.3 11.7-4.3 12-11.5 2-77.5-2.4-95.4 3.7-125.8C92.1 72.39 234.3 5 345.3 65.39 411.4 102 445.7 159 447.6 234.79c.8 28.2 0 56.5 0 84.6 0 7 2.2 12.5 9.4 14.2 24.1 5 49.2-12 53.2-36.7 2.9-17.1 1-34.5 1-51.7zm-159.6 131.5c36.5 2.8 59.3-28.5 58.4-60.5-2.1-45.2-66.2-16.5-87.8-8-73.2 28.1-45 54.9-22.2 60.8z\"><\/path><\/svg>                                        <\/div>\n                                    <\/div>\n\t\t\t\t\t\t\t\t<\/a>\n\n                                <div class=\"td-service-two-content\">\n                                    <span class=\"td-service-two-subtitle td-secondary-color\">Comunicando com Confian\u00e7a<\/span>\n                                    <h4 class=\"td-service-two-title\">Terapia da Fala<\/h4>\n                                    <div class=\"td-service-two-desc td-last-p-0\">\n                                        <h2>O que \u00e9 Terapia da Fala?<\/h2><p>A\u00a0<strong>Terapia da Fala<\/strong>\u00a0\u00e9 uma especialidade m\u00e9dica dedicada \u00e0 preven\u00e7\u00e3o, avalia\u00e7\u00e3o, diagn\u00f3stico e tratamento das perturba\u00e7\u00f5es da comunica\u00e7\u00e3o humana.<\/p>                                    <\/div>\n                                    <div class=\"service-two-details-btn\">\n                                        <a class=\"td-text-button\" href=\"https:\/\/crg.pt\/home\/servicos\/tfala\" >Ler mais... <i class=\"fas fa-angle-double-right\"><\/i><\/a>\n                                    <\/div>\n                                <\/div>\n\n\n\t\t\t\t\t\t\t<\/div>\n\t\t\t\t\t\t<\/div>\n\t\t\t\t\t\t\t\t\t\t<div class=\"col-xl-6 col-lg-6 col-md-12\">\n\t\t\t\t\t\t\t<div class=\"td-service-two-item\">\n\t\t\t\t\t\t\t\t<a href=\"https:\/\/crg.pt\/servicos\/mestet\/\" class=\"td-service-image-and-icon-wrapper\" >\n\t\t\t\t\t\t\t\t\t<div class=\"td-service-two-image td-cover-bg\" style=\"background-image: url(https:\/\/crg.pt\/wp-content\/uploads\/2022\/06\/service-4.jpg)\">\n                                        <div class=\"td-service-item-two-icon\">\n                                            <i aria-hidden=\"true\" class=\"td-icon flaticon-cosmetic-surgery\"><\/i>                                        <\/div>\n                                    <\/div>\n\t\t\t\t\t\t\t\t<\/a>\n\n                                <div class=\"td-service-two-content\">\n                                    <span class=\"td-service-two-subtitle td-secondary-color\">Real\u00e7a a beleza natural <\/span>\n                                    <h4 class=\"td-service-two-title\">Medicina Est\u00e9tica<\/h4>\n                                    <div class=\"td-service-two-desc td-last-p-0\">\n                                        <h2>O que \u00e9 a Medicina Est\u00e9tica?<\/h2><p>A Medicina Est\u00e9tica \u00e9 uma especialidade m\u00e9dica que se dedica a melhorar a apar\u00eancia da pele e do corpo, , atrav\u00e9s de procedimentos, para corrigir as imperfei\u00e7\u00f5es e promover o bem-estar.\u00a0<\/p>                                    <\/div>\n                                    <div class=\"service-two-details-btn\">\n                                        <a class=\"td-text-button\" href=\"https:\/\/crg.pt\/servicos\/mestet\/\" >Ler mais... <i class=\"fas fa-angle-double-right\"><\/i><\/a>\n                                    <\/div>\n                                <\/div>\n\n\n\t\t\t\t\t\t\t<\/div>\n\t\t\t\t\t\t<\/div>\n\t\t\t\t\t\t\t<\/div>\n\t\t<\/div>\n\n\t\t\t\t<\/div>\n\t\t\t\t<\/div>\n\t\t\t\t\t<\/div>\n\t\t<\/div>\n\t\t\t\t\t<\/div>\n\t\t<\/section>\n\t\t\t\t<\/div>\n\t\t","protected":false},"excerpt":{"rendered":"<p>Servi\u00e7os Cl\u00ednicos Servi\u00e7os Cl\u00ednicos A miss\u00e3o dos experientes cl\u00ednicos que integram a equipa multidisciplinar da CRG \u00e9 a preven\u00e7\u00e3o, diagn\u00f3stico, tratamento e reabilita\u00e7\u00e3o de clientes com patologias incapacitantes e comorbilidades dos ossos, m\u00fasculos, tend\u00f5es, articula\u00e7\u00f5es e nervos. Cuidando do Seu Sistema Nervoso Neurologia O que \u00e9 Neurologia? A neurologia \u00e9 a especialidade m\u00e9dica que se [&hellip;]<\/p>\n","protected":false},"author":1,"featured_media":0,"parent":0,"menu_order":0,"comment_status":"closed","ping_status":"closed","template":"","meta":{"footnotes":""},"class_list":["post-610","page","type-page","status-publish","hentry"],"_links":{"self":[{"href":"https:\/\/crg.pt\/home\/wp-json\/wp\/v2\/pages\/610","targetHints":{"allow":["GET"]}}],"collection":[{"href":"https:\/\/crg.pt\/home\/wp-json\/wp\/v2\/pages"}],"about":[{"href":"https:\/\/crg.pt\/home\/wp-json\/wp\/v2\/types\/page"}],"author":[{"embeddable":true,"href":"https:\/\/crg.pt\/home\/wp-json\/wp\/v2\/users\/1"}],"replies":[{"embeddable":true,"href":"https:\/\/crg.pt\/home\/wp-json\/wp\/v2\/comments?post=610"}],"version-history":[{"count":148,"href":"https:\/\/crg.pt\/home\/wp-json\/wp\/v2\/pages\/610\/revisions"}],"predecessor-version":[{"id":1846,"href":"https:\/\/crg.pt\/home\/wp-json\/wp\/v2\/pages\/610\/revisions\/1846"}],"wp:attachment":[{"href":"https:\/\/crg.pt\/home\/wp-json\/wp\/v2\/media?parent=610"}],"curies":[{"name":"wp","href":"https:\/\/api.w.org\/{rel}","templated":true}]}}